976 = 4*b + 3*l. Is b a composite number?
False
Let m be -58 - (3 - 2 - 2). Let j = m - -97. Is 5188/5 + (-24)/j a prime number?
False
Let s(y) = y**3 + 32*y**2 + 88*y + 46. Is s(-21) prime?
True
Suppose -3*o - 5*q = -31, -5*o - 3*q = -18 - 7. Suppose -o*m + 2622 = 4*a, -5*a - 1717 - 4868 = -5*m. Is m a composite number?
True
Let a be ((-1)/(-1) - 6)*(-7 + 6). Suppose -2*q - a*z - 4600 = -4*q, 0 = -5*q - 2*z + 11529. Is q composite?
True
Let s = 37032 + -9853. Is s composite?
False
Let y(g) = 154*g + 31. Suppose c + n - 11 = -0, 25 = 5*n. Is y(c) a composite number?
True
Let c = 13568 + -9079. Suppose 2*q + 3120 = 5*u - 1393, 4*q - c = -5*u. Is u a prime number?
False
Suppose 2*z - 4*z = -2. Suppose 0 = -x - z + 6. Suppose 799 = x*i + 4*k - 2732, -3*i + 2126 = -5*k. Is i a composite number?
True
Let y(q) be the first derivative of 9*q**2 - 19*q + 14. Is y(11) a composite number?
False
Suppose -2*q + 6*q - 4752 = -4*l, 3*l - q - 3568 = 0. Is l prime?
False
Let a(i) = -i**2 + i - 3. Let c be a(-3). Let l = 21 + c. Is -1 - (-3)/(l/196) prime?
True
Suppose -k - 2*k - 27 = -z, 5*k = -z + 51. Let m be z*(3 - (-30)/(-8)). Let t = m - -40. Is t composite?
False
Let n(o) = -95*o - 3. Let z be n(3). Suppose 816 = -323*m + 299*m. Let s = m - z. Is s a prime number?
False
Is 5/10 - 10314/8*-2 a prime number?
True
Let o = 306 + -306. Let f be 19/(-3)*-97*3. Suppose o = -3*m + f + 284. Is m prime?
True
Let h(r) = r**3 - 13*r**2 + 2*r - 6. Let k be h(7). Let b = 301 - k. Is b composite?
False
Suppose -51036 = -33*j + 21*j. Is j prime?
True
Let y(a) = -3*a**2 + 5*a + 3. Let f be y(5). Let m = f + 186. Is m composite?
False
Let i(r) = -6*r - 3. Let n be i(-2). Let z(o) = 26*o**2 - 2*o - 10. Let y be z(n). Suppose 5*l - l = 4*w - 2076, -4*w + 5*l + y = 0. Is w a prime number?
False
Suppose -69*w + 1003200 = -1078461. Is w composite?
False
Let j(z) = 644*z. Let w be j(1). Suppose 5*n - w = -2*p, -4*p + n + 53 + 1257 = 0. Let y = p + -208. Is y a prime number?
False
Let w = 0 - -2. Suppose 0*b = b - w. Let s(p) = 80*p + 1. Is s(b) prime?
False
Let n = 67299 - 45952. Is n prime?
True
Let a = 5 + -7. Let m = a + 3. Is 2 + 68 + m + -2 a composite number?
True
Is (30/8)/(11/44) prime?
False
Suppose 0 = -4*u + n + 8622, 0 = -2*u + 5*u - 3*n - 6462. Suppose -2*v - 5*p = 1419, -v - 2*p - u = 2*v. Is 2/3 - v/6 a prime number?
False
Let w = 5307 - 2350. Is w a composite number?
False
Let q(a) = a**3 - 11*a**2 + 6*a + 8. Let n be q(11). Suppose 4*w + 3*i - 644 = 2*i, -5*w + 805 = -i. Let o = w - n. Is o a composite number?
True
Suppose 0 = -47*n + n + 2142726. Is n prime?
False
Suppose 3*y - 6643 = -4*r, 4*y = 4 + 16. Is r a prime number?
True
Let u = 10 + 4. Let y be (-9)/((-5)/(-20)*-1). Suppose u = 5*x - y. Is x a prime number?
False
Suppose -12*l = -3744 - 5820. Is l composite?
False
Suppose 2391 = -10*u + 6881. Is u composite?
False
Let b = 13 + -8. Let l(p) = p - 1. Let u be l(b). Suppose -3*x - i + 102 = 0, 3*x + 6*i - u*i - 99 = 0. Is x composite?
True
Let s = 0 - 6. Let f be (3/2)/(s/(-1336)). Suppose t + 143 = f. Is t a prime number?
True
Let l = 2 - -65. Let x be (2 + 1 - -1) + -26. Let v = l - x. Is v prime?
True
Let a(q) = 23*q**2 + 66*q + 16. Is a(-15) prime?
True
Let r = -6861 + 3754. Is -1 - 4 - -7 - r a prime number?
True
Let f(s) = 17*s + 6. Let x be f(-13). Let r = x - -69. Let z = 439 + r. Is z prime?
True
Suppose -14 = -3*z + z. Suppose -z - 5 = -4*p. Suppose -p*v - 12 = 0, 3*d + v - 2440 = -d. Is d prime?
False
Suppose -y + 2*d + 533 = 0, -2*y - d = -3*y + 529. Let r = 2110 - y. Is r composite?
True
Let j(f) = -f**2 + f - 132. Let l be j(0). Let y = 814 + -461. Let w = y + l. Is w prime?
False
Suppose -f + 5*r - 713 = 0, 0 = -4*r + 3 - 23. Let o = -1181 + 2338. Let t = f + o. Is t a prime number?
True
Suppose -4*g + 5*j + 68832 = 0, 5*j = g - 4927 - 12296. Is g a composite number?
False
Suppose -2*n + 0*n + 8 = 0. Suppose -364 = -8*y + n*y. Suppose 2*g - y = -23. Is g composite?
True
Let a(o) = 274*o + 2*o**2 - o**2 + 7 - 283*o. Is a(12) a composite number?
False
Is (-3)/9 - 192108/(-63) composite?
False
Is ((-231)/(-165))/((-2)/(-22670)) composite?
True
Let f(y) = -y**3 - 9*y**2 - y + 11. Let l be f(-8). Is 5*(-3)/l*8589 a prime number?
False
Let u(o) = -564*o + 245. Is u(-30) composite?
True
Is 6/(-36)*-6 + 8856 composite?
True
Suppose 5*l = 2*g - 1286, -1036 = 6*l - 2*l + 2*g. Let x = 379 + l. Is x a composite number?
True
Suppose -2*u + z - 12 = 0, 4*u + 17 = u + z. Let n be (-845)/5*1*u. Suppose 5*h - 2*d = 4841, 4710 - n = 4*h + d. Is h a composite number?
False
Let t = -2 + 15. Suppose -t*u - 545 = -18*u. Is u a composite number?
False
Suppose 5*f + 0*t - 26 = t, 4*t = 2*f + 4. Suppose -f*r = -17 - 7. Suppose r*b = 2*d + 136, -10 - 24 = -b - d. Is b a prime number?
False
Suppose -4*o + 2225 = -2*z + 499, -z - o - 878 = 0. Let c = z - -1670. Is c prime?
True
Is 3 - (-98584)/14 - (-6)/21 composite?
True
Let v = -9 + 11. Suppose -4*b = -a - 4531, -v*a = -3*a + 1. Let i = b - 492. Is i a composite number?
False
Let l(o) = -o**2 - 30*o - 7. Suppose -35*b + 30*b = 65. Is l(b) a prime number?
False
Let r(k) = 2*k**2 - 7*k + 5. Let d be r(3). Suppose 5*i = d*i + 2*q + 495, -5*q - 15 = 0. Is i composite?
False
Is (-12)/54 - ((-279246)/27)/2 a composite number?
False
Suppose -5*h + 462 = 32. Let g = h + -29. Is g a prime number?
False
Let w(x) = x**3 + 15*x**2 + 6*x - 3. Let r(c) = -17*c - 3. Let d be r(2). Let i = d - -24. Is w(i) prime?
True
Let q(s) = 1. Let b(a) = -394*a - 6. Let v(z) = -b(z) - 3*q(z). Is v(5) a prime number?
True
Let r(u) = 2*u**2 - 3*u - 50. Let x be r(21). Is x - 1 - -1 - (7 - 7) prime?
True
Let a(p) = 406*p**3 + 27*p**2 - 5*p + 7. Is a(3) a prime number?
True
Let o(m) = 1251*m**2 + 72*m + 13. Is o(-8) a composite number?
True
Let w be (4 + -1)*(2 - 0). Suppose 2*l - 1 = 3*b, 5*l - 16 - w = b. Let y(u) = u**3 - 5*u**2 + 6*u + 7. Is y(l) a composite number?
False
Let u be (-1)/(-2) + (-17)/34. Suppose u = 5*k + 1688 - 5053. Is k prime?
True
Let r = 544 - -1215. Is r a composite number?
False
Let s = 558 + -103. Let l(k) = -11*k**3 - 2*k**2 + 3*k. Let o be l(3). Let z = o + s. Is z prime?
True
Suppose 2*s - 20 = -0. Let m be (-3425)/(-7) - s/35. Suppose 4*h - h - m = 0. Is h a prime number?
True
Let a be (-3)/21 - 1/(-7). Suppose -4*f = -4*b - 1741 - 495, f + 5*b - 547 = a. Is f a composite number?
False
Suppose -10 = 5*g - 25. Suppose -v + g*v = -1990. Let y = 1444 + v. Is y a prime number?
True
Let l = 24 + -21. Suppose 0 = l*r + 2*r - 3365. Is r composite?
False
Let m(n) = 417*n**2 - 33*n - 13. Is m(4) composite?
True
Let k = -55986 + 79129. Is k a prime number?
True
Suppose 11*o = -5*d + 116845, 46738 = 2*d - 6*o + 10*o. Is d composite?
False
Let t(s) be the third derivative of 1/30*s**5 + 0*s**4 + 5*s**2 + 0*s - 5/6*s**3 + 0. Is t(-6) composite?
False
Let l(i) = 121*i + 23. Is l(2) prime?
False
Let r(v) = v**3 + 24*v**2 + 19*v + 39. Is r(-14) a prime number?
True
Suppose 0 = -0*x + 3*x + 54. Let b = -14 - x. Let p(y) = y**2 + 7*y + 3. Is p(b) a prime number?
True
Suppose 3*u + r = -5 - 6, -5*r + 2 = -4*u. Is (-2)/u*9510/4 prime?
False
Is (-1)/(-5) + 35214/5 a prime number?
True
Suppose 42*i - 921604 = -26*i. Is i prime?
True
Suppose -r - 4*r = -1245. Let s = -135 + r. Suppose -2*b - s = -5*b. Is b a composite number?
True
Let m(g) = -96*g + 7. Let i be -3*((-56)/12 - -4). Let o be m(i). Let d = o + 1122. Is d a composite number?
False
Suppose -x = -4*g - 14, -x = -g + 3 - 11. Let q = 52 + x. Is q prime?
False
Suppose -13*q - 43864 = -517259. Is q composite?
True
Let y = -10893 - -75832. Is y a composite number?
True
Suppose l - 2*p + 1 = 0, -5*p + 72 - 17 = 5*l. Suppose -l*u + 133 = -0*u. Is u composite?
False
Suppose 28*n = 34*n - 59742. Is n prime?
False
Let w = 53 - 53. Is (-3 + w)/(-2 - (-2690)/1348) prime?
False
Suppose -34*n + 22155 = n. Is n prime?
False
Let k(g) be the second derivative of -169*g**3/6 - 3*g**2/2 + 26*g. Is k(-2) a composite number?
True
Suppose 0 = 39*z - 40354 - 377843. Is z a composite number?
False
Let t(g) = 437*g - 51. Is t(14) a composite number?
False
Suppose 4*n - 6787 = -3*d, 2*d - 1809 = -4*n + 4973. Is n composite?
False
Suppose -2*b - 318 = -38. Let s = 271 + b. Is s composite?
False
Is